{"id":45,"date":"2016-10-12T12:13:39","date_gmt":"2016-10-12T15:13:39","guid":{"rendered":"http:\/\/jota.com.br\/jota\/?page_id=45"},"modified":"2016-10-12T21:38:59","modified_gmt":"2016-10-13T00:38:59","slug":"a-jota","status":"publish","type":"page","link":"http:\/\/jota.com.br\/jota\/a-jota\/","title":{"rendered":"A JOTA"},"content":{"rendered":"<p>A JOTA DESIGN atua desde 1999 desenvolvendo projetos nas \u00e1reas de design gr\u00e1fico, web design e fotografia, atendendo empresas de todo o Brasil que desejam estabelecer uma comunica\u00e7\u00e3o marcante, se posicionar no mercado e fidelizar seus clientes.<\/p>\n<p>Executando seus projetos se preocupando com a est\u00e9tica e tamb\u00e9m com a funcionalidade, usando conceito pr\u00f3prio para assim chegar a uma solu\u00e7\u00e3o eficiente. Sempre analisando cada projeto individualmente.<\/p>\n","protected":false},"excerpt":{"rendered":"<p>A JOTA DESIGN atua desde 1999 desenvolvendo projetos nas \u00e1reas de design gr\u00e1fico, web design e fotografia, atendendo empresas de todo o Brasil que desejam estabelecer uma comunica\u00e7\u00e3o marcante, se posicionar no mercado e fidelizar seus clientes. Executando seus projetos se preocupando com a est\u00e9tica e tamb\u00e9m com a funcionalidade, usando conceito pr\u00f3prio para assim [&hellip;]<\/p>\n","protected":false},"author":1,"featured_media":0,"parent":0,"menu_order":0,"comment_status":"closed","ping_status":"closed","template":"","meta":{"jetpack_post_was_ever_published":false,"footnotes":""},"class_list":["post-45","page","type-page","status-publish","hentry","post"],"jetpack_sharing_enabled":true,"jetpack_shortlink":"https:\/\/wp.me\/P7ZYcO-J","_links":{"self":[{"href":"http:\/\/jota.com.br\/jota\/wp-json\/wp\/v2\/pages\/45","targetHints":{"allow":["GET"]}}],"collection":[{"href":"http:\/\/jota.com.br\/jota\/wp-json\/wp\/v2\/pages"}],"about":[{"href":"http:\/\/jota.com.br\/jota\/wp-json\/wp\/v2\/types\/page"}],"author":[{"embeddable":true,"href":"http:\/\/jota.com.br\/jota\/wp-json\/wp\/v2\/users\/1"}],"replies":[{"embeddable":true,"href":"http:\/\/jota.com.br\/jota\/wp-json\/wp\/v2\/comments?post=45"}],"version-history":[{"count":2,"href":"http:\/\/jota.com.br\/jota\/wp-json\/wp\/v2\/pages\/45\/revisions"}],"predecessor-version":[{"id":211,"href":"http:\/\/jota.com.br\/jota\/wp-json\/wp\/v2\/pages\/45\/revisions\/211"}],"wp:attachment":[{"href":"http:\/\/jota.com.br\/jota\/wp-json\/wp\/v2\/media?parent=45"}],"curies":[{"name":"wp","href":"https:\/\/api.w.org\/{rel}","templated":true}]}}