{"id":43,"date":"2016-10-12T12:12:49","date_gmt":"2016-10-12T15:12:49","guid":{"rendered":"http:\/\/jota.com.br\/jota\/?page_id=43"},"modified":"2016-10-12T21:40:24","modified_gmt":"2016-10-13T00:40:24","slug":"o-que-fazemos","status":"publish","type":"page","link":"http:\/\/jota.com.br\/jota\/o-que-fazemos\/","title":{"rendered":"O QUE FAZEMOS"},"content":{"rendered":"<p>A <strong>JOTA DESIGN<\/strong>\u00a0executa seus projetos se preocupando com a est\u00e9tica e tamb\u00e9m com a funcionalidade, usando conceito pr\u00f3prio para assim chegar a uma solu\u00e7\u00e3o eficiente. Sempre analisando cada projeto individualmente.<\/p>\n<ul>\n<li>Logo;<\/li>\n<li>Papelaria;<\/li>\n<li>Cart\u00e3o de visita;<\/li>\n<li>Impressos;<\/li>\n<li>Banners;<\/li>\n<li>Folder;<\/li>\n<li>Flyers;<\/li>\n<li>Web sites<\/li>\n<li>Ensaios fotogr\u00e1ficos;<\/li>\n<li>Fotolivros.<\/li>\n<\/ul>\n<blockquote><p><strong>Temos experi\u00eancia em projetos para empresas do meio equestre, como centros h\u00edpicos, haras, equipes de hipismo, veterin\u00e1rios de equinos, cavaleiros profissionais e outros.<\/strong><\/p><\/blockquote>\n","protected":false},"excerpt":{"rendered":"<p>A JOTA DESIGN\u00a0executa seus projetos se preocupando com a est\u00e9tica e tamb\u00e9m com a funcionalidade, usando conceito pr\u00f3prio para assim chegar a uma solu\u00e7\u00e3o eficiente. Sempre analisando cada projeto individualmente. Logo; Papelaria; Cart\u00e3o de visita; Impressos; Banners; Folder; Flyers; Web sites Ensaios fotogr\u00e1ficos; Fotolivros. Temos experi\u00eancia em projetos para empresas do meio equestre, como centros [&hellip;]<\/p>\n","protected":false},"author":1,"featured_media":0,"parent":0,"menu_order":0,"comment_status":"closed","ping_status":"closed","template":"","meta":{"jetpack_post_was_ever_published":false,"footnotes":""},"class_list":["post-43","page","type-page","status-publish","hentry","post"],"jetpack_sharing_enabled":true,"jetpack_shortlink":"https:\/\/wp.me\/P7ZYcO-H","_links":{"self":[{"href":"http:\/\/jota.com.br\/jota\/wp-json\/wp\/v2\/pages\/43","targetHints":{"allow":["GET"]}}],"collection":[{"href":"http:\/\/jota.com.br\/jota\/wp-json\/wp\/v2\/pages"}],"about":[{"href":"http:\/\/jota.com.br\/jota\/wp-json\/wp\/v2\/types\/page"}],"author":[{"embeddable":true,"href":"http:\/\/jota.com.br\/jota\/wp-json\/wp\/v2\/users\/1"}],"replies":[{"embeddable":true,"href":"http:\/\/jota.com.br\/jota\/wp-json\/wp\/v2\/comments?post=43"}],"version-history":[{"count":3,"href":"http:\/\/jota.com.br\/jota\/wp-json\/wp\/v2\/pages\/43\/revisions"}],"predecessor-version":[{"id":214,"href":"http:\/\/jota.com.br\/jota\/wp-json\/wp\/v2\/pages\/43\/revisions\/214"}],"wp:attachment":[{"href":"http:\/\/jota.com.br\/jota\/wp-json\/wp\/v2\/media?parent=43"}],"curies":[{"name":"wp","href":"https:\/\/api.w.org\/{rel}","templated":true}]}}